89b - 0?
-153089b
In base 8, what is -112 - 22034730?
-22035042
In base 5, what is -21102110 - 4142?
-21111302
In base 10, what is 1160484 + -27?
1160457
In base 13, what is 6018 - a?
600b
In base 10, what is 18 - -415753?
415771
In base 11, what is 864 - 91264?
-90500
In base 10, what is 5 - -25526801?
25526806
In base 3, what is 120202201002221221 + -11?
120202201002221210
In base 3, what is 11 - 200202001020201?
-200202001020120
In base 10, what is 202319692 + 1?
202319693
In base 6, what is -1202135211 - 0?
-1202135211
In base 16, what is 9e + 25d3?
2671
In base 9, what is 8 + -7562480?
-7562471
In base 2, what is 110000111111010111100100111111 + 101?
110000111111010111100101000100
In base 3, what is 111021020112001010 + -1?
111021020112001002
In base 16, what is -34c + 18cc?
1580
In base 16, what is 9c4ace - -2?
9c4ad0
In base 16, what is -2ec11b - -2?
-2ec119
In base 10, what is 0 - -2426463?
2426463
In base 12, what is 6467876 + -10?
6467866
In base 5, what is -434 + -333332?
-334321
In base 12, what is -1455 - -341?
-1114
In base 15, what is 1a + -1d16?
-1ceb
In base 14, what is c141 - -198?
c2d9
In base 3, what is 211 + 221101100010?
221101100221
In base 5, what is 10310 + 10323220?
10334030
In base 6, what is 3045442044 + -1?
3045442043
In base 5, what is -421303 + 12232?
-404021
In base 7, what is 302 - -431246?
431551
In base 14, what is 1bd52 + 2545?
20497
In base 4, what is -123110020 - 102?
-123110122
In base 13, what is -41384564 + 1?
-41384563
In base 14, what is -b7c2a907 + -1?
-b7c2a908
In base 9, what is -2 - -1747063?
1747061
In base 7, what is 1403010 - 12545?
1360132
In base 4, what is -132130 + 2211?
-123313
In base 5, what is -1 - 213341233?
-213341234
In base 5, what is -400030211 - -1334?
-400023322
In base 16, what is -9 + -12f8d7?
-12f8e0
In base 14, what is 4 + -575960?
-57595a
In base 16, what is 51eb - -7f7?
59e2
In base 16, what is 59a + 37fc2?
3855c
In base 14, what is -13b + 277d21?
277bc4
In base 7, what is 45423 + -1306?
44114
In base 3, what is -210020212220 + 2?
-210020212211
In base 14, what is 7185 + -80?
7105
In base 3, what is 22222220201020112 - 12?
22222220201020100
In base 4, what is 1 - -1321220333230?
1321220333231
In base 3, what is 1111012220120120 + 1?
1111012220120121
In base 2, what is -111000001110011000 + -1010?
-111000001110100010
In base 5, what is -1230334302304 - 2?
-1230334302311
In base 5, what is -222330221400 - -3?
-222330221342
In base 9, what is -3 + 674336371?
674336367
In base 11, what is -485a57 + -20?
-485a77
In base 6, what is -14423034255 + -11?
-14423034310
In base 9, what is 24 + -1076334?
-1076310
In base 7, what is -124454435025 - 4?
-124454435032
In base 10, what is 49 - 3485152?
-3485103
In base 14, what is 20 + 4b45d?
4b47d
In base 2, what is -110000100000011100 - 10100?
-110000100000110000
In base 13, what is -3 + -a8533ba?
-a8533c0
In base 15, what is d - -6c220?
6c22d
In base 14, what is 2 - -6836c5?
6836c7
In base 15, what is 161949 + 4?
16194d
In base 3, what is 22112001110112100 - -11?
22112001110112111
In base 14, what is -30c1b4 - 65?
-30c239
In base 8, what is -3 + -47653241?
-47653244
In base 10, what is 0 + -2519676?
-2519676
In base 12, what is -1730a98 + 0?
-1730a98
In base 13, what is -1 + -20a0a43?
-20a0a44
In base 3, what is -10011210220 - 1201211?
-10020112201
In base 12, what is 17 + -28200?
-281a5
In base 9, what is -518427001 - -5?
-518426885
In base 3, what is -111201211011101212 + 2?
-111201211011101210
In base 5, what is 211442 + 34423?
301420
In base 10, what is -350 - -6536?
6186
In base 15, what is -c3c770 - -44?
-c3c72b
In base 4, what is -1300100012133 - 13?
-1300100012212
In base 4, what is -2 - -321200100?
321200032
In base 8, what is -2 + 1656340765?
1656340763
In base 14, what is 18222 + a?
1822c
In base 5, what is 4123424031 - 2?
4123424024
In base 15, what is 22bd4d + -19?
22bd34
In base 15, what is 83b6 + -61?
8355
In base 5, what is 200221421 + 423?
200222344
In base 11, what is -1 - -4727a80?
4727a7a
In base 14, what is 1672d - 165?
165a8
In base 11, what is 101 - 25911?
-25810
In base 11, what is 4966327 - -5?
4966331
In base 9, what is 32 + -7330281?
-7330248
In base 12, what is -461 + 1905b0?
19014b
In base 15, what is 10 + 5ed90c?
5ed91c
In base 4, what is -10 - 13323231302?
-13323231312
In base 2, what is -1010010101110011 - 10101110011111?
-1101000100010010
In base 8, what is 1 + -13051245?
-13051244
In base 8, what is -7 - 14511331?
-14511340
In base 15, what is 5 - 11b2e1d?
-11b2e18
In base 14, what is 2a137 + 123?
2a25a
In base 13, what is 63 - 161ccb?
-161c68
In base 9, what is 2 - -130644305?
130644307
In base 5, what is -12210 - -3302101?
3234341
In base 13, what is -139b044 - 40?
-139b084
In base 11, what is -15 - a890616?
-a890630
In base 8, what is 7626602 + 27?
7626631
In base 5, what is -3403420324421 - 1?
-3403420324422
In base 4, what is -31030 - -12332?
-12032
In base 11, what is 116 - -837a89?
8380a4
In base 3, what is -12001100 - 12012201?
-101021001
In base 5, what is 131340301143 - 3?
131340301140
In base 15, what is 704d2c9 - 3?
704d2c6
In base 5, what is 122201 - -10223?
132424
In base 5, what is 2024433 - -21432?
2101420
In base 15, what is 4c - 2ee59?
-2ee0c
In base 7, what is -14524 + -340324?
-355151
In base 15, what is 14ada3c - 1?
14ada3b
In base 14, what is 534a + -589?
4ba1
In base 4, what is 1331 - 30221032?
-30213101
In base 11, what is -29078 - 17?
-29094
In base 12, what is 24193 + 10?
241a3
In base 5, what is -11440101210 + 21?
-11440101134
In base 7, what is -2052154112 + 0?
-2052154112
In base 7, what is -1405 - -215044?
213336
In base 16, what is -3 - 9297ff?
-929802
In base 9, what is -41071456 + -26?
-41071483
In base 2, what is 1000000010011011010010011 - -11?
1000000010011011010010110
In base 16, what is -4256929 - 0?
-4256929
In base 4, what is -3 + -102131201211?
-102131201220
In base 2, what is -100001100110111110 - -1001011011?
-100001011101100011
In base 13, what is 29113 - -53?
29166
In base 2, what is -100000011000111 - -10001101010?
-11110001011101
In base 11, what is -43289967 - -1?
-43289966
In base 9, what is 77038354 - 3?
77038351
In base 15, what is -11 + 13ea32?
13ea21
In base 3, what is -2000212202110 - -11211?
-2000212120122
In base 3, what is 102 + 1111210221200?
1111210222002
In base 6, what is 0 + -505441011?
-505441011
In base 11, what is 6030 - 30aa?
2a31
In base 5, what is 1021140224 - 314?
1021134410
In base 3, what is -22201002001200 + -11?
-22201002001211
In base 2, what is 10100101011111000001011 + -10?
10100101011111000001001
In base 12, what is 43 + 3154b8?
31553b
In base 10, what is -166129 - 59?
-166188
In base 11, what is -8a4 - -12462?
11669
In base 14, what is 17db - -7b3ba?
7cbb7
In base 8, what is -2034500 + 452?
-2034026
In base 9, what is -7534 + -63106?
-71641
In base 10, what is 15262 + -49335?
-34073
In base 3, what is -11100020200221220 + 10?
-11100020200221210
In base 12, what is 18 - b0a35?
-b0a19
In base 16, what is 5d - -743d?
749a
In base 12, what is -76b9 - 81?
-777a
In base 11, what is 8167992 - 5?
8167988
In base 2, what is -1001100010010001 - -1110101?
-1001100000011100
In base 14, what is -3 - 1b4cb9c5?
-1b4cb9c8
In base 2, what is 11100 + -10101000111101111111011001?
-10101000111101111110111101
In base 13, what is -21 + 519b6?
51995
In base 3, what is -12102022112212 - -12?
-12102022112200
In base 13, what is -5 + 3c4b68?
3c4b63
In base 9, what is 1 - 5142574?
-5142573
In base 10, what is 14 + 3143429?
3143443
In base 14, what is 1a3a37c + 7?
1a3a385
In base 4, what is -120 + 21012303223?
21012303103
In base 2, what is 10010110101111000110110 + 11?
10010110101111000111001
In base 13, what is -aa8 - -1687?
8ac
In base 10, what is -1282 + -3777?
-5059
In base 10, what is 12405982 + 2?
12405984
In base 13, what is -16 + 9627a0?
962787
In base 5, what is 143333311 - 1434?
143331322
In base 11, what is -764 + -900?
-1564
In base 4, what is 23232310 - 20202?
23212102
In base 6, what is -4 + -331402553?
-331403001
In base 15, what is 2a14e4d6 - 4?
2a14e4d2
In base 3, what is -11 - 22011121111020110?
-22011121111020121
In base 9, what is 5 + -236832204?
-236832188
In base 2, what is 1010010010 - -100101011000011001100?
100101011001101011